{"id":118,"date":"2025-12-17T22:09:11","date_gmt":"2025-12-17T21:09:11","guid":{"rendered":"http:\/\/terzosettore.regione.basilicata.it\/?page_id=118"},"modified":"2026-04-27T23:19:57","modified_gmt":"2026-04-27T21:19:57","slug":"runts","status":"publish","type":"page","link":"https:\/\/terzosettore.regione.basilicata.it\/index.php\/runts\/","title":{"rendered":"Runts"},"content":{"rendered":"<style><span data-mce-type=\"bookmark\" style=\"display: inline-block; width: 0px; overflow: hidden; line-height: 0;\" class=\"mce_SELRES_start\">\ufeff<\/span><br \/>  \/* Altezza \u201creale\u201d dell\u2019header sticky\/offset che vuoi lasciare sopra *\/<br \/>  html {<br \/>    scroll-behavior: smooth;         \/* opzionale *\/<br \/>    scroll-padding-top: 96px;        \/* <-- REGOLA QUESTO VALORE *\/<br \/>  }<\/p>\n<p>  \/* Trucco: la sezione ha spazio sopra, ma l\u2019ancora resta \u201cpi\u00f9 su\u201d *\/<br \/>  .it-page-section {<br \/>    padding-top: 70px;               \/* uguale a scroll-padding-top *\/<br \/>    margin-top: -96px;               \/* uguale e opposto *\/<br \/>  }<br \/><\/style>\n<div class=\"row\">\n<div class=\"col-12 col-md-4 px-lg-2 py-lg-2 sticky-top\">\n<nav class=\"navbar it-navscroll-wrapper navbar-expand-lg it-top-navscroll\" data-bs-navscroll=\"\"><button class=\"custom-navbar-toggler\" type=\"button\" aria-controls=\"navbarNavB\" aria-expanded=\"false\" aria-label=\"Toggle navigation\" data-bs-toggle=\"navbarcollapsible\" data-bs-target=\"#navbarNavB\"><br \/>\nIndice<br \/>\n<\/button><\/p>\n<div id=\"navbarNavB\" class=\"navbar-collapsable\">\n<div class=\"overlay fade\"><\/div>\n<div class=\"menu-wrapper\">\n<div class=\"link-list-wrapper\">\n<div style=\"height: 2.5rem;\"><\/div>\n<h3>INDICE<\/h3>\n<ul class=\"link-list\">\n<li class=\"nav-item\"><a class=\"nav-link\" href=\"#persone-giuridiche\">Cos&#8217;\u00e8 il Runts<\/a><\/li>\n<li class=\"nav-item\"><a class=\"nav-link\" href=\"#iscrizione\">Iscrizione<\/a><\/li>\n<li class=\"nav-item\"><a class=\"nav-link\" href=\"#normative\">Normative e linee guida<\/a><\/li>\n<li class=\"nav-item\"><a class=\"nav-link\" href=\"https:\/\/terzosettore.regione.basilicata.it\/index.php\/runts\/link-e-utilita\/\">Link e utilit\u00e0<\/a><\/li>\n<li class=\"nav-item\"><a class=\"nav-link\" href=\"#contatti\">Contatti<\/a><\/li>\n<\/ul>\n<\/div>\n<\/div>\n<\/div>\n<\/nav>\n<\/div>\n<div class=\"col-12 col-md-8 px-lg-2 py-lg-2\">\n<div class=\"my-5\">\n<div class=\"it-list-wrapper it-page-sections-container\">\n<section id=\"persone-giuridiche\" class=\"it-page-section\">\n<h2 class=\"text-secondary\">Cos&#8217;\u00e8 il Runts<\/h2>\n<p>Il Registro Unico Nazionale del Terzo Settore (RUNTS) \u00e8 il registro telematico istituito presso il Ministero del Lavoro e delle Politiche Sociali, in attuazione degli articoli 45 e seguenti del Codice del Terzo Settore (Decreto legislativo 3 luglio 2017, n. 117), al fine di garantire la piena trasparenza degli Enti del Terzo Settore (ETS) attraverso la pubblicit\u00e0 delle informazioni ad essi relative.<\/p>\n<p>L\u2019iscrizione al RUNTS consente di acquisire la qualifica di Ente del Terzo Settore (ETS) o, a seconda dei casi, le qualifiche specifiche di Organizzazione di Volontariato (ODV), Associazione di Promozione Sociale (APS), Ente Filantropico o Rete Associativa. Essa permette inoltre di beneficiare di agevolazioni, anche di natura fiscale, di accedere al 5 per mille, di ottenere \u2013 per determinate tipologie di ETS \u2013 contributi pubblici o di stipulare convenzioni con le pubbliche amministrazioni, nonch\u00e9, nei casi previsti, di acquisire la personalit\u00e0 giuridica. Gli enti non iscritti al RUNTS non possono utilizzare la denominazione di Ente del Terzo Settore n\u00e9 quelle specifiche previste dalla normativa.<\/p>\n<p>Il Registro \u00e8 gestito con modalit\u00e0 esclusivamente telematiche e su base territoriale dall\u2019Ufficio statale, dagli Uffici regionali e dagli Uffici provinciali del RUNTS, istituiti rispettivamente presso il Ministero del Lavoro e delle Politiche Sociali, ciascuna Regione e le Province autonome di Trento e Bolzano. Il RUNTS \u00e8 pubblico ed \u00e8 consultabile da tutti gli interessati e dalle Pubbliche Amministrazioni.<\/p>\n<p>Le procedure di iscrizione degli enti, le modalit\u00e0 di deposito degli atti e le regole relative alla tenuta, conservazione e gestione del RUNTS sono disciplinate dal Decreto ministeriale 15 giugno 2020, n. 106, e dai relativi allegati.<\/p>\n<p>Per le imprese sociali, l\u2019iscrizione nell\u2019apposita sezione del registro delle imprese soddisfa il requisito dell\u2019iscrizione nel Registro Unico Nazionale del Terzo settore.<\/p>\n<\/section>\n<p>&nbsp;<\/p>\n<section id=\"iscrizione\" class=\"it-page-section\">\n<h2><\/h2>\n<h2 class=\"text-secondary\">Iscrizione<\/h2>\n<p>Possono iscriversi al Registro Unico Nazionale del Terzo Settore (RUNTS) le principali organizzazioni senza scopo di lucro, come le organizzazioni di volontariato, le associazioni di promozione sociale, gli enti filantropici, le fondazioni, le reti associative, le associazioni riconosciute e non riconosciute e, in alcuni casi, le societ\u00e0 di mutuo soccorso. Tutti questi enti devono perseguire finalit\u00e0 civiche, solidaristiche e di utilit\u00e0 sociale e svolgere attivit\u00e0 di interesse generale.<\/p>\n<p>Anche gli enti religiosi civilmente riconosciuti possono iscriversi al RUNTS, adottando un regolamento che disciplini le attivit\u00e0 svolte secondo le regole del Terzo Settore.<\/p>\n<p>Le imprese sociali, comprese le cooperative sociali, e alcune societ\u00e0 di mutuo soccorso devono invece iscriversi in una sezione speciale del Registro delle imprese; i loro dati restano comunque consultabili tramite il RUNTS.<\/p>\n<p>Infine, la normativa prevede il passaggio automatico nel RUNTS delle organizzazioni gi\u00e0 iscritte nei precedenti registri di settore e specifiche regole per le ONLUS.<\/p>\n<p><a href=\"https:\/\/servizi.lavoro.gov.it\/runts\/it-it\/\" target=\"_blank\" rel=\"noopener\"><button class=\"btn btn-primary btn-lg btn-block\" type=\"button\">Iscriviti<\/button><\/a><\/p>\n<\/section>\n<p>&nbsp;<\/p>\n<section id=\"normative\" class=\"it-page-section\">\n<h2><\/h2>\n<h2 class=\"text-secondary\">Normative e linee guida<\/h2>\n<p>La disciplina del Registro Unico Nazionale del Terzo Settore (RUNTS) \u00e8 regolata dalla normativa nazionale adottata dal Ministero del Lavoro e delle Politiche Sociali, nonch\u00e9 dai relativi decreti attuativi.<\/p>\n<p>Per quanto non espressamente previsto, si applicano le disposizioni del Codice del Terzo Settore (Decreto legislativo n. 117\/2017), del Codice civile e della restante normativa nazionale vigente in materia.<\/p>\n<p>La normativa di riferimento e gli atti ufficiali sono consultabili sul portale nazionale del RUNTS al seguente indirizzo:<br \/>\n<a href=\"https:\/\/servizi.lavoro.gov.it\/runts\/it-it\/Normativa\" target=\"_blank\" rel=\"noopener\">https:\/\/servizi.lavoro.gov.it\/runts\/it-it\/Normativa<\/a><\/p>\n<\/section>\n<p>&nbsp;<\/p>\n<section id=\"contatti\" class=\"it-page-section\">\n<h2><\/h2>\n<h2 class=\"text-secondary\">Contatti<\/h2>\n<p>L\u2019ufficio responsabile dei procedimenti relativi al Registro Unico Nazionale del Terzo Settore (RUNTS) \u00e8 l\u2019Ufficio RUNTS, competente per l\u2019istruttoria e la gestione delle pratiche riguardanti gli Enti del Terzo Settore (ETS), appartenente al Dipartimento Presidenza della Giunta, secondo l\u2019articolazione organizzativa prevista dalla normativa vigente.<\/p>\n<div class=\"row\">\n<div class=\"col-12 col-md-8 col-lg-8 mb-30\">\n<div class=\"card-wrapper rounded h-auto mt-10\">\n<div class=\"card card-teaser card-teaser-info rounded shadow-sm p-3\">\n<div class=\"card-body pe-3\">\n<p class=\"card-title text-paragraph-regular-medium-semi mb-3\"><a class=\"text-decoration-none\" href=\"#\" data-element=\"service-area\">Dirigente<\/a><\/p>\n<div class=\"card-text\">\n<p class=\"u-main-black\">Assunta Palamone<\/p>\n<p>TEL. 0971\/668169<\/p>\n<p class=\"u-main-black\"><a href=\"mailto:assunta.palamone@regione.basilicata.it\">assunta.palamone@regione.basilicata.it<\/a><\/p>\n<\/div>\n<\/div>\n<\/div>\n<\/div>\n<\/div>\n<\/div>\n<p>&nbsp;<\/p>\n<div class=\"row\">\n<div class=\"col-12 col-md-8 col-lg-8 mb-30\">\n<div class=\"card-wrapper rounded h-auto mt-10\">\n<div class=\"card card-teaser card-teaser-info rounded shadow-sm p-3\">\n<div class=\"card-body pe-3\">\n<p class=\"card-title text-paragraph-regular-medium-semi mb-3\"><a class=\"text-decoration-none\" href=\"#\" data-element=\"service-area\">Responsabile\/referente<\/a><\/p>\n<div class=\"card-text\">\n<p class=\"u-main-black\">Davide Cerverizzo<\/p>\n<p>TEL. 0971\/668381<\/p>\n<p class=\"u-main-black\"><a href=\"mailto:davide.cerverizzo@regione.basilicata.it\">davide.cerverizzo@regione.basilicata.it<\/a><\/p>\n<\/div>\n<\/div>\n<\/div>\n<\/div>\n<\/div>\n<\/div>\n<p>&nbsp;<\/p>\n<div class=\"row\">\n<div class=\"col-12 col-md-8 col-lg-8 mb-30\">\n<div class=\"card-wrapper rounded h-auto mt-10\">\n<div class=\"card card-teaser card-teaser-info rounded shadow-sm p-3\">\n<div class=\"card-body pe-3\">\n<p class=\"card-title text-paragraph-regular-medium-semi mb-3\"><a class=\"text-decoration-none\" href=\"#\" data-element=\"service-area\">Responsabile\/referente<\/a><\/p>\n<div class=\"card-text\">\n<p class=\"u-main-black\">Loredana Collalti<\/p>\n<p>TEL. 0971\/668143<\/p>\n<p class=\"u-main-black\"><a href=\"mailto:loredana.collalti@regione.basilicata.it\">loredana.collalti@regione.basilicata.it<\/a><\/p>\n<\/div>\n<\/div>\n<\/div>\n<\/div>\n<\/div>\n<\/div>\n<p>&nbsp;<\/p>\n<div class=\"row\">\n<div class=\"col-12 col-md-8 col-lg-8 mb-30\">\n<div class=\"card-wrapper rounded h-auto mt-10\">\n<div class=\"card card-teaser card-teaser-info rounded shadow-sm p-3\">\n<div class=\"card-body pe-3\">\n<p class=\"card-title text-paragraph-regular-medium-semi mb-3\"><a class=\"text-decoration-none\" href=\"#\" data-element=\"service-area\">Responsabile\/referente<\/a><\/p>\n<div class=\"card-text\">\n<p class=\"u-main-black\">Giacomo Lanziano<\/p>\n<p>TEL. 0971\/668198<\/p>\n<p class=\"u-main-black\"><a href=\"mailto:giacomo.lanziano@regione.basilicata.it\">giacomo.lanziano@regione.basilicata.it<\/a><\/p>\n<\/div>\n<\/div>\n<\/div>\n<\/div>\n<\/div>\n<\/div>\n<p>&nbsp;<\/p>\n<div class=\"row\">\n<div class=\"col-12 col-md-8 col-lg-8 mb-30\">\n<div class=\"card-wrapper rounded h-auto mt-10\">\n<div class=\"card card-teaser card-teaser-info rounded shadow-sm p-3\">\n<div class=\"card-body pe-3\">\n<p class=\"card-title text-paragraph-regular-medium-semi mb-3\"><a class=\"text-decoration-none\" href=\"#\" data-element=\"service-area\">Responsabile\/referente<\/a><\/p>\n<div class=\"card-text\">\n<p class=\"u-main-black\">Viviana Lombardi<\/p>\n<p>TEL. 0971\/668217<\/p>\n<p class=\"u-main-black\"><a href=\"mailto:viviana.lombardi@regione.basilicata.it\">viviana.lombardi@regione.basilicata.it<\/a><\/p>\n<\/div>\n<\/div>\n<\/div>\n<\/div>\n<\/div>\n<\/div>\n<p>&nbsp;<\/p>\n<div class=\"row\">\n<div class=\"col-12 col-md-8 col-lg-8 mb-30\">\n<div class=\"card-wrapper rounded h-auto mt-10\">\n<div class=\"card card-teaser card-teaser-info rounded shadow-sm p-3\">\n<div class=\"card-body pe-3\">\n<p class=\"card-title text-paragraph-regular-medium-semi mb-3\"><a class=\"text-decoration-none\" href=\"#\" data-element=\"service-area\">Responsabile\/referente<\/a><\/p>\n<div class=\"card-text\">\n<p class=\"u-main-black\">Marianna Lorusso<\/p>\n<p>TEL. 0971\/668315<\/p>\n<p class=\"u-main-black\"><a href=\"mailto:marianna.lorusso@regione.basilicata.it\">marianna.lorusso@regione.basilicata.it<\/a><\/p>\n<\/div>\n<\/div>\n<\/div>\n<\/div>\n<\/div>\n<\/div>\n<p>&nbsp;<\/p>\n<div class=\"row\">\n<div class=\"col-12 col-md-8 col-lg-8 mb-30\">\n<div class=\"card-wrapper rounded h-auto mt-10\">\n<div class=\"card card-teaser card-teaser-info rounded shadow-sm p-3\">\n<div class=\"card-body pe-3\">\n<p class=\"card-title text-paragraph-regular-medium-semi mb-3\"><a class=\"text-decoration-none\" href=\"#\" data-element=\"service-area\">Responsabile\/referente<\/a><\/p>\n<div class=\"card-text\">\n<p class=\"u-main-black\">Incoronata Mancusi<\/p>\n<p>TEL. 0971\/668210<\/p>\n<p class=\"u-main-black\"><a href=\"mailto:incoronata.mancusi@regione.basilicata.it\">incoronata.mancusi@regione.basilicata.it<\/a><\/p>\n<\/div>\n<\/div>\n<\/div>\n<\/div>\n<\/div>\n<\/div>\n<p>&nbsp;<\/p>\n<p>&nbsp;<\/p>\n<\/section>\n<\/div>\n<\/div>\n<\/div>\n<\/div>\n<p>&nbsp;<\/p>\n<p>&nbsp;<\/p>\n<p>&nbsp;<\/p>\n<p><script src=\"https:\/\/terzosettore.regione.basilicata.it\/wp-content\/themes\/italiawp2\/static\/js\/bootstrap-italia.bundle.min.js\"><\/script><\/p>\n","protected":false},"excerpt":{"rendered":"<p>Il RUNTS \u00e8 il registro telematico istituito presso il Ministero del Lavoro e delle Politiche Sociali per garantire trasparenza e pubblicit\u00e0 delle informazioni sugli Enti del Terzo Settore (ETS), in attuazione del Codice del Terzo Settore, rendendo accessibili i dati degli enti iscritti.<\/p>\n","protected":false},"author":1,"featured_media":0,"parent":0,"menu_order":0,"comment_status":"closed","ping_status":"closed","template":"page-nosidebar.php","meta":{"_acf_changed":false,"footnotes":""},"tags":[],"class_list":["post-118","page","type-page","status-publish","hentry"],"acf":[],"_links":{"self":[{"href":"https:\/\/terzosettore.regione.basilicata.it\/index.php\/wp-json\/wp\/v2\/pages\/118","targetHints":{"allow":["GET"]}}],"collection":[{"href":"https:\/\/terzosettore.regione.basilicata.it\/index.php\/wp-json\/wp\/v2\/pages"}],"about":[{"href":"https:\/\/terzosettore.regione.basilicata.it\/index.php\/wp-json\/wp\/v2\/types\/page"}],"author":[{"embeddable":true,"href":"https:\/\/terzosettore.regione.basilicata.it\/index.php\/wp-json\/wp\/v2\/users\/1"}],"replies":[{"embeddable":true,"href":"https:\/\/terzosettore.regione.basilicata.it\/index.php\/wp-json\/wp\/v2\/comments?post=118"}],"version-history":[{"count":73,"href":"https:\/\/terzosettore.regione.basilicata.it\/index.php\/wp-json\/wp\/v2\/pages\/118\/revisions"}],"predecessor-version":[{"id":791,"href":"https:\/\/terzosettore.regione.basilicata.it\/index.php\/wp-json\/wp\/v2\/pages\/118\/revisions\/791"}],"wp:attachment":[{"href":"https:\/\/terzosettore.regione.basilicata.it\/index.php\/wp-json\/wp\/v2\/media?parent=118"}],"wp:term":[{"taxonomy":"post_tag","embeddable":true,"href":"https:\/\/terzosettore.regione.basilicata.it\/index.php\/wp-json\/wp\/v2\/tags?post=118"}],"curies":[{"name":"wp","href":"https:\/\/api.w.org\/{rel}","templated":true}]}}